64. Give d(163).
85
Let t(g) = -7584*g + 22972. Determine t(3).
220
Let k(p) = -2*p**3 + 42*p**2 - 551*p + 1676. Calculate k(4).
16
Let k(y) = 16*y**3 + 1023*y**2 - 63*y - 45. Determine k(-64).
-109
Let u(a) = -5306*a - 429823. Give u(-81).
-37
Let s(n) = -2461*n + 141. What is s(0)?
141
Let i(z) = -z**3 + 517*z**2 + 14175*z + 36. What is i(-26)?
-1446
Let i(r) = -7427*r - 8177147. Calculate i(-1101).
-20
Let k(y) = 2*y**2 + 1054*y + 14423. Determine k(-14).
59
Let i(n) = -96*n**3 + 6*n - 15. What is i(2)?
-771
Let m(u) = -u**3 - 128*u**2 - 12*u + 14622. Give m(-127).
17
Let m(p) = -59131*p - 1537431. Calculate m(-26).
-25
Let j(b) = -77*b**2 - 3551*b + 68. Determine j(-46).
482
Let l(y) = -9419*y + 1007829. Calculate l(107).
-4
Let y(s) = 2*s**3 - 19*s**2 - 262*s - 474. Give y(-6).
-18
Let x(g) = 476*g**2 + 927*g - 11. Determine x(-2).
39
Let r(i) = 2*i**3 + 4*i**2 - 92*i + 14. What is r(6)?
38
Let d(t) = 2392*t - 1047706. What is d(438)?
-10
Let l(d) = 2*d**3 - 204*d**2 + 199*d + 2906. What is l(101)?
2603
Let r(z) = 15*z**2 - 933*z - 744. Calculate r(63).
12
Let y(x) = -11*x**2 + 2638*x + 13474. What is y(-5)?
9
Let v(h) = 11*h**2 - 874*h - 13864. Give v(93).
-7
Let b(o) = 431*o - 45009. What is b(103)?
-616
Let i(y) = -y**3 - 21*y**2 + 3231*y + 7. Calculate i(0).
7
Let z(g) = 3*g**3 - 1098*g**2 - 30583*g - 46. Give z(-26).
136
Let k(m) = 166*m + 6572. Give k(-40).
-68
Let z(l) = 82*l**2 - 753*l + 774. Determine z(8).
-2
Let u(i) = 360*i**2 + 5947*i + 2. Calculate u(-17).
2943
Let p(r) = 5*r**3 + 512*r**2 + 728*r + 58. What is p(-101)?
-2063
Let o(d) = 32348*d + 108. Calculate o(0).
108
Let y(l) = 13512*l + 756672. Calculate y(-56).
0
Let c(i) = -2*i**2 + 369*i + 19847. Give c(228).
11
Let y(l) = l**3 - 60*l**2 - 569*l + 39. Calculate y(0).
39
Let j(y) = y**3 + 533*y**2 - 15717*y + 299. Give j(28).
47
Let a(y) = -16*y**2 + 359*y + 322. What is a(23)?
115
Let p(l) = -l**2 + 901*l + 1132223. What is p(-705)?
-7
Let q(h) = 4842*h - 420857. Calculate q(87).
397
Let p(f) = 2*f**3 + 76*f**2 - 291*f - 7788. Determine p(-39).
519
Let p(c) = 32*c**2 - 3172*c - 9745. Determine p(-3).
59
Let v(a) = 4*a**2 - 906*a + 6267. Determine v(7).
121
Let m(r) = -36*r**2 + 4466*r - 288. Give m(124).
-40
Let x(i) = 235*i**3 + 458*i**2 - 16*i + 7. Calculate x(-2).
-9
Let a(u) = -u**2 + 1147633*u - 14919063. What is a(13)?
-3
Let f(c) = 84*c**3 - 37*c**2 - 12*c + 23. What is f(2)?
523
Let g(y) = 185434*y - 4635843. Give g(25).
7
Let t(i) = i**3 + 9*i**2 + 15*i + 39. Determine t(-4).
59
Let w(q) = -1195*q**2 + 1666*q + 4. Determine w(1).
475
Let x(b) = -75*b + 6918. What is x(80)?
918
Let i(u) = 3*u**3 - 10*u**2 - 4*u - 9. Calculate i(3).
-30
Let d(m) = -8*m - 2708. Determine d(-334).
-36
Let d(y) = 3608*y + 10703. What is d(-3)?
-121
Let y(l) = -10201*l + 408060. Determine y(40).
20
Let l(k) = k**3 - 29*k**2 + 76*k + 39. Determine l(26).
-13
Let y(s) = s**2 - 2801*s + 22350. What is y(8)?
6
Let v(l) = -l**2 + 311*l - 7455. Determine v(26).
-45
Let y(r) = -r**3 - 530*r**2 + 1682*r - 262. Calculate y(3).
-13
Let o(c) = 3*c**3 - 950*c**2 - 330*c + 4131. Determine o(317).
10
Let p(s) = -10481*s - 702256. Determine p(-67).
-29
Let p(o) = -4*o**2 + 8806*o - 44056. What is p(5)?
-126
Let k(x) = 2*x**3 + 10*x**2 - 156*x - 1851. What is k(-10)?
-1291
Let b(a) = -5099*a - 10317. Determine b(-2).
-119
Let q(p) = 1971*p - 19303. Determine q(10).
407
Let f(b) = b**3 + 81*b**2 - 154*b + 725. Give f(-83).
-271
Let b(z) = -9*z**2 - 39933*z - 159665. Determine b(-4).
-77
Let o(g) = g**2 + 4501*g + 868407. Give o(-202).
9
Let p(k) = 2*k**3 - 96*k**2 + 814*k - 8. Determine p(37).
-8
Let m(w) = -5501*w - 60474. Give m(-11).
37
Let v(z) = -z**3 + 366*z**2 - 968*z - 43715. Calculate v(363).
208
Let s(h) = 1551*h + 94612. Give s(-61).
1
Let m(u) = -2*u**2 - 186741*u - 11756725. Give m(-63).
20
Let t(d) = 10*d**2 - 253*d + 867. Determine t(26).
1049
Let m(p) = 21274*p - 170192. Determine m(8).
0
Let n(q) = 1244*q**2 - 111960*q - 12. Give n(90).
-12
Let o(q) = 11*q**2 - 156*q - 5302. Give o(-16).
10
Let w(f) = f**2 + 31050*f + 713616. Determine w(-23).
-5
Let p(c) = -664*c - 318067. Calculate p(-479).
-11
Let p(b) = -3*b**3 + 65*b**2 - 43*b - 20. What is p(17)?
3295
Let b(j) = 202687*j + 810818. Determine b(-4).
70
Let k(b) = 6*b**3 - 98*b**2 - 30000*b - 753. What is k(-63)?
3
Let a(x) = 4*x**2 - 216*x + 9. Determine a(0).
9
Let j(m) = -5*m**2 - 150*m + 1940. What is j(14)?
-1140
Let x(i) = 1630*i**2 - 6554*i + 29. Calculate x(4).
-107
Let q(d) = -20*d + 1820. Determine q(31).
1200
Let l(g) = -g**3 - 39*g**2 + 339*g - 86. Give l(-46).
-868
Let a(u) = 93*u + 12475. What is a(-140)?
-545
Let z(x) = x**3 + 114*x**2 + 228*x + 35. Determine z(-112).
-413
Let v(o) = -9*o**2 + 316*o - 107. Give v(27).
1864
Let d(g) = g**3 - 52*g**2 + 177*g - 203. Determine d(48).
-923
Let f(g) = -3*g**3 - 28*g**2 + 66*g + 482. Calculate f(-10).
22
Let q(n) = -n**3 + 52*n**2 - 638*n - 64. Calculate q(28).
888
Let v(p) = p**3 + 43*p**2 + 13*p - 118. What is v(-43)?
-677
Let h(f) = 23060*f - 252636. Calculate h(11).
1024
Let g(i) = 2*i**3 + 57*i**2 - 3314*i + 25454. What is g(10)?
14
Let j(g) = 370*g + 39687. What is j(-107)?
97
Let b(s) = 15255*s**2 - 91514*s + 29. What is b(6)?
125
Let s(t) = -32125*t + 674619. What is s(21)?
-6
Let h(g) = -g**2 + 1679*g + 81138. What is h(-47)?
16
Let a(r) = -6*r**2 + 535*r - 11692. Calculate a(49).
117
Let d(p) = -722*p - 14368. Calculate d(-20).
72
Let l(s) = s**3 + 2*s**2 - 10*s + 1613. Give l(0).
1613
Let a(x) = -3361*x + 6691. Give a(2).
-31
Let x(i) = -26*i**2 + 893*i - 7633. Determine x(18).
17
Let g(a) = a**3 - 38*a**2 + 246*a - 11095. Give g(39).
20
Let k(a) = -926500*a - 8338517. Give k(-9).
-17
Let o(s) = 11*s**2 + 76*s - 729. Give o(13).
2118
Let a(m) = -m**3 - 331*m**2 + 62924*m - 1886. Calculate a(135).
4
Let m(p) = p**3 + 37*p**2 + 182*p + 8379. Calculate m(-38).
19
Let l(p) = 2*p**2 - 114*p + 215. Determine l(3).
-109
Let h(y) = -20*y**2 + 3153*y - 123736. Determine h(84).
-4
Let t(c) = 2957*c - 13351. Calculate t(5).
1434
Let v(o) = -o**3 - 9*o**2 + 54*o - 1876. Calculate v(-18).
68
Let s(n) = 2*n**3 - 147*n**2 - 361*n + 19. What is s(76)?
1463
Let p(x) = -x**3 - 24*x**2 + 6789*x + 214224. Calculate p(-33).
-12
Let r(j) = -j**3 - 123*j**2 - 2135*j + 8781. Give r(-101).
-6
Let l(t) = -t**3 + 66*t**2 + 596*t + 34046. What is l(79)?
-3
Let f(h) = 2*h**3 + 110*h**2 + 468*h + 210. Determine f(-4).
-30
Let b(w) = -25*w - 2856. What is b(-122)?
194
Let o(i) = -5*i**3 + 10*i**2 - 7*i - 24. Determine o(6).
-786
Let u(y) = 3*y**3 + 84*y**2 + 35*y + 161. Give u(-28).
-819
Let a(k) = -k**3 - 393*k**2 + 738*k - 20511. What is a(-395)?
29
Let f(v) = -13*v**2 - 766*v - 9573. Calculate f(-40).
267
Let u(l) = -22511*l + 496293. What is u(22)?
1051
Let h(r) = 523*r + 86291. Give h(-165).
-4
Let l(r) = r**3 - 12*r**2 - 1941*r + 13823. Calculate l(7).
-9
Let p(c) = -162*c**2 + 1161*c - 16. Give p(7).
173
Let x(a) = 2035*a + 36871. Give x(-18).
241
Let t(o) = -167*o**2 + 7494*o + 311. What is t(45)?
-634
Let o(f) = -f**2 - 2638*f - 83368. Calculate o(-32).
24
Let a(z) = 5*z**2 + 1229*z + 532. Determine a(-245).
-448
Let l(x) = -57210*x + 11956873. Give l(209).
-17
Let k(p) = -p**3 + 656*p**2 + 1372*p - 36864. What is k(658)?
-16
Let f(i) = -2*i**2 - 1600*i - 283993. Calculate f(-534).
95
Let n(r) = -15*r**3 - 2700*r**2 - 777*r - 139858. What is n(-180)?
2
Let g(l) = 46*l**2 + 239*l + 741. What is g(-5)?
696
Let q(i) = 2*i**3 + 5*i**2 + 38*i + 364. Give q(-5).
49
Let c(n) = 8910*n - 44748. Determine c(5).
-198
Let k(d) = -d**3 - 129*d**2 + 664*d - 599. Give k(4).
-71
Let y(i) = -i**2 - 1506*i + 78803. Determine y(50).
1003
Let v(r) = 2*r**3 - 43*r**2 + 459*r - 9197. Determine v(21).
1
Let k(p) = p**2 + 10769*p - 183389. Determine k(17).
-27
Let i(a) = -109*a**2 - 446*a + 2320. Calculate i(3).
1
Let b(w) = -899*w + 2109. Calculate b(2).
311
Let m(i) = i**2 - 82639*i + 1156742. Calculate m(14).
-8
Let n(f) = 362*f**3 - 11*f**2 + 13*f + 10. Give n(2).
2888
Let u(z) = -9*z**2 + 7346*z - 212283. Calculate u(30).
-3
Let l(u) = -17390*u + 765160. Determine l(44).
0
Let j(a) = -4*a**3 + 12*a**2 - 237*a + 1049. Calculate j(4).
37
Let f(r) = r**3 + 65*r**2 + 706*r - 12206. What is f(-37)?
